ommon divisor of t and n?
19
Let i(d) = 17*d + 14. Let r be i(2). Suppose 7496 = 222*s - 8488. What is the greatest common factor of s and r?
24
Let z = -300 + 308. Suppose -1168 + 304 = -z*a. What is the greatest common factor of a and 27?
27
Let r = 880 + -385. What is the highest common divisor of r and 855?
45
Let i = -180 - -1268. Calculate the greatest common factor of 512 and i.
64
Let g(b) = 2*b**3 - 18*b**2 - 4*b - 60. Let l be g(10). What is the highest common divisor of l and 520?
20
Let l be -4*2/6*(-378)/84. Let q(b) = b + 2. Let s be q(l). Let k = -16 - -20. What is the highest common factor of k and s?
4
Let i be (2*122)/(192/528). Calculate the highest common factor of i and 220.
11
Let v = 7855 + -7769. What is the greatest common divisor of v and 8?
2
Let g(f) = -4*f - 37. Let j be g(-10). Suppose -z - 84 = -j*z. Suppose -9 = -z*x + 41*x. What is the highest common factor of x and 54?
9
Let y(x) = 105*x + 12. Let p be y(-2). Let u = 324 + p. Let j(r) = 2*r**2 + 7*r - 1. Let f be j(-5). What is the highest common divisor of u and f?
14
Let t(y) = -4*y + 68. Let b be t(16). Suppose -2*m = 7*c - 2*c - 10, b*c - 4*m = 36. Calculate the highest common divisor of c and 92.
4
Let c be (-34216)/(-91) - (10 + 2)/1. What is the highest common factor of c and 8099?
91
Let o be (10/(3 + -2))/(353/1765). What is the highest common factor of o and 17500?
50
Suppose -2*f - 2*r - 1102 = 0, -15*f + 17*f - 5*r = -1116. Let i = -308 - f. What is the highest common factor of 35 and i?
35
Suppose -u = 5*q + 361, 5*q = -4*u - 45 - 319. Let v = 75 + q. Let h = 17 - -7. Calculate the greatest common divisor of h and v.
3
Let r = 241 - 242. Let j(h) = 50*h**2 + 18*h + 18. Let k be j(r). Calculate the greatest common divisor of 125 and k.
25
Let g(r) = -r**3 + 27*r**2 - 87*r - 40. Let p be (-2)/(376/(-92) - -4). Let i be g(p). What is the greatest common factor of i and 75?
75
Let i = -146 - -216. Calculate the greatest common divisor of 350 and i.
70
Let m be 6/10 - -20*(-257960)/(-500). What is the greatest common factor of m and 34?
17
Suppose 3*k + 22 = 5*k + 2*f, 3*f + 23 = k. Suppose k*s = 1 + 41. Suppose -h + 30 = 2*p + 9, 0 = -4*p + 12. What is the greatest common divisor of s and h?
3
Let l = -13565 + 13775. Let n = -109 + 154. What is the greatest common factor of l and n?
15
Suppose 5299 = 97*a - 12355. What is the greatest common divisor of a and 448?
14
Let m = 32 + 22. Let r = m + -35. Suppose 2*k = -3*z - 7 + r, 5*z = 3*k + 39. What is the highest common divisor of 21 and z?
3
Let g = -19 - -27. Let q be (-1 - 1)*((-64)/10)/((-36)/(-90)). What is the greatest common divisor of g and q?
8
Suppose -43416 - 5224 = -32*u. Suppose 25*k = 6*k + u. What is the greatest common factor of 20 and k?
20
Suppose 5*u - 3*i = 29, 26*u + 14*i = 22*u + 56. Calculate the greatest common divisor of u and 7126.
7
Let u = -16008 + 16118. Calculate the greatest common divisor of 9482 and u.
22
Suppose 1255*k - 1246*k + 41 - 167 = 0. Let t(a) = 3*a**2 + 15*a + 38. Let x be t(-20). Calculate the greatest common divisor of x and k.
14
Let w be 66/(-11) - 357/(-3). Let v = w - 105. Let c = -13 + 21. Calculate the greatest common divisor of c and v.
8
Let v be (-27 + 63)/((-19)/(-76)). Calculate the greatest common factor of v and 6984.
72
Let k = -15771 - -15802. Let v = 2 - 1. Calculate the greatest common factor of k and v.
1
Let z = -21906 - -21924. What is the greatest common divisor of z and 3714?
6
Suppose 22*j - 8*j = 15*j - 190. Calculate the highest common factor of 1235 and j.
95
Let i(u) = -3*u**3 + 172*u**2 - 43*u - 96. Let t be i(57). What is the highest common factor of 3978 and t?
234
Let d = -12 - -36. Let j be (-2)/6 - (-1064)/d. Suppose -14*m + 4*m + 110*m - 400 = 0. Calculate the highest common factor of j and m.
4
Suppose 748*v + 5192 = 759*v. Calculate the greatest common divisor of v and 8.
8
Suppose -19*p + 140 = -17*p. Let k be (-203)/(-5) + 28/p. Let n = -37 + k. What is the highest common factor of n and 20?
4
Suppose 0 = -65*k + 68*k - 4*z - 246, k - 57 = -7*z. What is the highest common factor of k and 228?
6
Suppose -665*u + 643*u = -22. Let k(h) = h + 4. Let n be k(-6). Let g be 3 + 4/n - -4. What is the highest common factor of u and g?
1
Suppose -2*q = p - 3481, 3*q + 2525 = p - 966. What is the highest common divisor of 170 and p?
85
Let g be (9/3)/(3/4). Suppose g*z + 0*z = 92. Suppose 3*a + 3*d = 339, 21*d - 19*d = 5*a - 579. Calculate the greatest common factor of a and z.
23
Let j be ((-12)/(-144)*-4)/((-1)/6). Suppose -k + j*w = -35, 5*w = 5*k - 266 + 96. Calculate the greatest common divisor of k and 99.
33
Suppose 0 = -13*l - 13450 + 17337. Calculate the greatest common factor of l and 26.
13
Let i(z) = 53*z - 1149. Let c be i(30). Calculate the greatest common divisor of c and 245.
49
Suppose 176 = 5*r - r. Suppose 0 = 8*b - 6*b - r. Let q be 5382/27 + (-1)/3*4. Calculate the highest common divisor of b and q.
22
Let o(r) = -r**3 + 4*r**2 + 6*r - 2. Let h be o(5). Suppose 56*v - 61*v + 134 = -2*m, -83 = -2*v + 5*m. Calculate the greatest common divisor of v and h.
3
Let x be (5/(-15))/(((-12)/(-64))/(171/(-76))). What is the greatest common factor of x and 6676?
4
Let x = 413 - 402. Suppose 0 = -j - 5*w + 33, -x*j = -8*j + 2*w - 60. What is the highest common factor of 198 and j?
18
Let y be (3 - 26) + 29 + -1 + 16. What is the greatest common divisor of 15 and y?
3
Suppose -442 = 793*a - 791*a. Let g = 729 - 319. Let x = a + g. What is the greatest common factor of x and 21?
21
Let r(m) = -m**3 + 46*m**2 - 76*m - 1418. Let h be r(43). What is the highest common factor of 615 and h?
123
Suppose 4*p - 4655 = -c + 4646, -c + 4*p + 9341 = 0. What is the greatest common divisor of c and 273?
39
Suppose 3*k = -2*k - 5, 4*w - 503 = -k. Let o be (742/530)/(2/50). Calculate the greatest common factor of o and w.
7
Let x(h) = h - 2. Let g = -37 + 40. Let z be x(g). Suppose -n + 24 = 5*c + z, -2*n + 2*c = 2. What is the greatest common divisor of 2 and n?
1
Let z be 15/(-18) + 1 + (-269)/(-6). Let r be (-23)/((-2 - 1)/(z/15)). What is the greatest common divisor of 161 and r?
23
Suppose 0 = -2*a - 17 - 11. Let i = a - -19. Suppose j - i*k - 5 = -0*j, -2*j - 4*k + 24 = 0. Calculate the greatest common divisor of j and 70.
10
Let n = 8694 - 8646. What is the greatest common factor of n and 5424?
48
Let t = 47 - 78. Suppose -53*r + 166 = 1014. Let x = r - t. What is the greatest common factor of 3 and x?
3
Let g(r) = -r**3 + 7*r**2 + 5*r - 10. Let y be g(7). Let m(v) = 460*v - 31055. Let n be m(68). What is the greatest common factor of y and n?
25
Let b be (-1)/1*24/(-16)*460. Suppose o - b = -5*o. Let f be (o/(-20))/(-1 - 6/(-8)). Calculate the highest common factor of f and 23.
23
Let f(j) = 56*j**3 - 7*j**2 + 9*j - 2. Suppose r + 9 - 6 = 0, 2*r = -v - 5. Let h be f(v). What is the highest common divisor of h and 238?
14
Let f(h) = -275*h + 355. Let w be f(-4). What is the greatest common factor of w and 45?
15
Suppose t - 50*x + 52*x = 13, 0 = -3*t + 2*x - 1. Suppose -4*g - 2*c = -1864, -4*c + 222 = -t*g + 1598. What is the highest common factor of g and 58?
58
Let m be (6/9)/(2/129). Let j = 325 + -239. Calculate the greatest common factor of j and m.
43
Let d = -20447 - -20627. What is the highest common factor of 4360 and d?
20
Suppose z - 3409 = -5*r, -4*r + 4788 = 2*z - 2000. Calculate the highest common factor of z and 54.
18
Let r(a) = -a**3 + 32*a**2 + 187*a - 22. Let k be r(37). Calculate the highest common factor of 3068 and k.
52
Let q be ((-58548)/(-36) + -1)*(-12)/(-8). What is the greatest common divisor of q and 184?
46
Let m(i) = i**3 + 9*i**2 + i - 11. Let z be m(-7). Let n = 43757 - 43747. Calculate the highest common divisor of n and z.
10
Let w be 2 + (-216)/(-40)*(-8 - -3). Let b(s) = 2*s**2 + 18*s + 179. Let t be b(w). Calculate the greatest common factor of 11 and t.
11
Suppose -3*s - 3*u - 87 = 0, 0 = -2*s - 4*u + 7*u - 73. Let f = s + 44. What is the highest common factor of f and 96?
12
Let u = -58 - -62. Let f be (u/(-6))/((-4)/12). Suppose -f*d = 3*l + l - 206, -4*d + 208 = 4*l. Calculate the greatest common factor of l and 34.
17
Suppose -19*h + 578 - 14 = -595. Suppose -2*m = 3*m - 2745. Calculat